e remainder when 2251 is divided by 62.
19
What is the remainder when 211833 is divided by 556?
553
Calculate the remainder when 1409 is divided by 302.
201
What is the remainder when 8310 is divided by 2759?
33
Calculate the remainder when 173801 is divided by 1889.
13
Calculate the remainder when 2056 is divided by 76.
4
What is the remainder when 1958 is divided by 665?
628
What is the remainder when 1275805 is divided by 989?
984
What is the remainder when 4734 is divided by 422?
92
What is the remainder when 17838 is divided by 1499?
1349
What is the remainder when 27798 is divided by 455?
43
What is the remainder when 1731 is divided by 328?
91
What is the remainder when 6213 is divided by 26?
25
Calculate the remainder when 7799 is divided by 7610.
189
What is the remainder when 3237 is divided by 2321?
916
What is the remainder when 31363 is divided by 148?
135
What is the remainder when 48051 is divided by 23967?
117
Calculate the remainder when 125659 is divided by 206.
205
What is the remainder when 74528 is divided by 257?
255
What is the remainder when 99628 is divided by 26?
22
Calculate the remainder when 8270 is divided by 2046.
86
Calculate the remainder when 9907 is divided by 989.
17
Calculate the remainder when 3035950 is divided by 32.
14
What is the remainder when 28130 is divided by 343?
4
What is the remainder when 24991 is divided by 714?
1
What is the remainder when 5676 is divided by 517?
506
What is the remainder when 54415 is divided by 9049?
121
Calculate the remainder when 53712 is divided by 340.
332
Calculate the remainder when 1530 is divided by 314.
274
Calculate the remainder when 1271326 is divided by 32.
30
What is the remainder when 390197 is divided by 681?
665
Calculate the remainder when 139 is divided by 20.
19
What is the remainder when 20388 is divided by 86?
6
Calculate the remainder when 211401 is divided by 12.
9
What is the remainder when 13590 is divided by 23?
20
Calculate the remainder when 46439 is divided by 1408.
1383
Calculate the remainder when 1519 is divided by 359.
83
Calculate the remainder when 4171 is divided by 1388.
7
What is the remainder when 677 is divided by 49?
40
What is the remainder when 37393 is divided by 18?
7
Calculate the remainder when 9099 is divided by 536.
523
Calculate the remainder when 2830 is divided by 1996.
834
Calculate the remainder when 29315 is divided by 14559.
197
Calculate the remainder when 55637 is divided by 260.
257
What is the remainder when 483417 is divided by 210?
207
Calculate the remainder when 2857 is divided by 1183.
491
What is the remainder when 578 is divided by 3?
2
Calculate the remainder when 190986 is divided by 119.
110
What is the remainder when 7293 is divided by 3640?
13
Calculate the remainder when 3212 is divided by 1605.
2
What is the remainder when 47668 is divided by 1109?
1090
What is the remainder when 16662 is divided by 618?
594
Calculate the remainder when 99539 is divided by 49762.
15
Calculate the remainder when 45903 is divided by 21.
18
Calculate the remainder when 26896 is divided by 20.
16
Calculate the remainder when 2426 is divided by 804.
14
Calculate the remainder when 125030 is divided by 91.
87
Calculate the remainder when 95918 is divided by 55.
53
Calculate the remainder when 21092 is divided by 1914.
38
Calculate the remainder when 6710 is divided by 324.
230
Calculate the remainder when 83 is divided by 67.
16
Calculate the remainder when 823 is divided by 400.
23
What is the remainder when 2752 is divided by 849?
205
What is the remainder when 3059 is divided by 444?
395
Calculate the remainder when 10760 is divided by 1070.
60
Calculate the remainder when 841 is divided by 14.
1
Calculate the remainder when 459821 is divided by 66.
65
What is the remainder when 5764 is divided by 520?
44
What is the remainder when 663 is divided by 20?
3
What is the remainder when 460534 is divided by 11?
8
What is the remainder when 2913 is divided by 358?
49
Calculate the remainder when 1525947 is divided by 30.
27
What is the remainder when 5409 is divided by 345?
234
Calculate the remainder when 106211 is divided by 27.
20
Calculate the remainder when 9778 is divided by 155.
13
Calculate the remainder when 1984918 is divided by 278.
276
Calculate the remainder when 3628 is divided by 157.
17
Calculate the remainder when 413 is divided by 370.
43
Calculate the remainder when 11586 is divided by 683.
658
Calculate the remainder when 69145 is divided by 1688.
1625
What is the remainder when 34159 is divided by 140?
139
What is the remainder when 46823 is divided by 46?
41
What is the remainder when 12388 is divided by 21?
19
What is the remainder when 58157 is divided by 12?
5
What is the remainder when 4860 is divided by 4036?
824
What is the remainder when 15886 is divided by 5292?
10
What is the remainder when 1093 is divided by 129?
61
Calculate the remainder when 2842 is divided by 159.
139
What is the remainder when 1453929 is divided by 18?
15
Calculate the remainder when 215260 is divided by 32.
28
What is the remainder when 224461 is divided by 5755?
16
Calculate the remainder when 32255 is divided by 375.
5
Calculate the remainder when 84584 is divided by 9396.
20
Calculate the remainder when 142744 is divided by 4198.
12
What is the remainder when 26769 is divided by 315?
309
Calculate the remainder when 66429 is divided by 16585.
89
What is the remainder when 196906 is divided by 269?
267
Calculate the remainder when 48036 is divided by 485.
21
What is the remainder when 2451360 is divided by 653?
651
Calculate the remainder when 19839 is divided by 310.
309
Calculate the remainder when 20593 is divided by 1887.
1723
Calculate the remainder when 4858 is divided by 440.
18
Calculate the remainder when 12185 is divided by 2257.
900
What is the remainder when 4418 is divided by 1036?
274
What is the remainder when 26864 is divided by 5372?
4
Calculate the remainder when 5011 is divided by 1652.
55
What is the remainder when 139075 is divided by 27?
25
What is the remainder when 1553 is divided by 406?
335
Calculate the remainder when 2607 is divided by 648.
15
What is the remainder when 115586 is divided by 37?
35
What is the remainder when 2902 is divided by 5?
2
Calculate the remainder when 4186 is divided by 8.
2
Calculate the remainder when 12976 is divided by 6.
4
Calculate the remainder when 2894 is divided by 262.
12
Calculate the remainder when 797957 is divided by 9.
8
What is the remainder when 4628 is divided by 866?
298
Calculate the remainder when 1868 is divided by 195.
113
What is the remainder when 1041 is divided by 108?
69
What is the remainder when 1349 is divided by 550?
249
What is the remainder when 23530 is divided by 4697?
45
Calculate the remainder when 252 is divided by 143.
109
What is the remainder when 8806 is divided by 687?
562
Calculate the remainder when 195567 is divided by 97776.
15
What is the remainder when 486872 is divided by 1345?
1327
What is the remainder when 19402 is divided by 11?
9
What is the remainder when 231109 is divided by 77034?
7
Calculate the remainder when 28920 is divided by 243.
3
Calculate the remainder when 354179 is divided by 1655.
9
Calculate the remainder when 187487 is divided by 186.
185
What is the remainder when 11053 is divided by 10921?
132
Calculate the remainder when 138175 is divided by 121.
114
Calculate the remainder when 5156 is divided by 7.
4
Calculate the remainder when 14058 is divided by 3452.
250
What is the remainder when 2504119 is divided by 19?
14
Calculate the remainder when 4339 is divided by 4231.
108
Calculate the remainder when 2846 is divided by 1431.
1415
What is the remainder when 269530 is divided by 134732?
66
What is the remainder when 6576 is divided by 14?
10
What is the remainder when 838703 is divided by 35?
33
Calculate the remainder when 848 is divided by 50.
48
What is the remainder when 218 is divided by 29?
15
What is the remainder when 1882606 is divided by 16?
14
What is the remainder when 17674 is divided by 130?
124
What is the remainder when 986698 is divided by 664?
658
Calculate the remainder when 28459 is divided by 56.
11
Calculate the remainder when 926 is divided by 48.
14
Calculate the 